{"id":2,"date":"2015-08-15T02:19:07","date_gmt":"2015-08-15T02:19:07","guid":{"rendered":"http:\/\/www.remateck.com\/?page_id=2"},"modified":"2015-09-24T23:46:34","modified_gmt":"2015-09-24T23:46:34","slug":"sample-page","status":"publish","type":"page","link":"https:\/\/www.remateck.com\/","title":{"rendered":"Accueil"},"content":{"rendered":"<p>Depuis plus de dix ans, Remateck offre ses services pour l&rsquo;entretien de vos \u00e9quipements au gaz propane et naturel dans la grande r\u00e9gion de Montr\u00e9al, Rive-sud, Rive-Nord, Mont\u00e9r\u00e9gie et l\u2019Estrie. \u00a0De plus, nous offrons nos\u00a0services jour, soir et fin de semaine. Que vous ayez besoin d&rsquo;un entretien pour\u00a0votre foyer, BBQ ou chauffe-patio, avec Remateck votre flamme fera long feu.<\/p>\n<p>Pour obtenir de l\u2019information sur l\u2019entretien de votre \u00e9quipement au gaz ou pour prendre rendez-vous, n\u2019h\u00e9sitez pas \u00e0 nous contacter au (514) 244-5252. Vous pouvez \u00e9galement nous rejoindre via notre\u00a0<a href=\"http:\/\/www.remateck.com\/index.php\/contact\/\">formulaire<\/a>.<\/p>\n<p>&nbsp;<\/p>\n","protected":false},"excerpt":{"rendered":"<p>Depuis plus de dix ans, Remateck offre ses services pour l&rsquo;entretien de vos \u00e9quipements au gaz propane et naturel dans la grande r\u00e9gion de Montr\u00e9al, Rive-sud, Rive-Nord, Mont\u00e9r\u00e9gie et l\u2019Estrie. \u00a0De plus, nous offrons nos\u00a0services jour, soir et fin de semaine. Que vous ayez besoin d&rsquo;un entretien pour\u00a0votre foyer, BBQ ou chauffe-patio, avec Remateck votre &hellip; <a href=\"https:\/\/www.remateck.com\/\" class=\"more-link\">Continuer la lecture de <span class=\"screen-reader-text\">Accueil<\/span> <span class=\"meta-nav\">&rarr;<\/span><\/a><\/p>\n","protected":false},"author":1,"featured_media":0,"parent":0,"menu_order":0,"comment_status":"closed","ping_status":"closed","template":"","meta":[],"_links":{"self":[{"href":"https:\/\/www.remateck.com\/index.php\/wp-json\/wp\/v2\/pages\/2"}],"collection":[{"href":"https:\/\/www.remateck.com\/index.php\/wp-json\/wp\/v2\/pages"}],"about":[{"href":"https:\/\/www.remateck.com\/index.php\/wp-json\/wp\/v2\/types\/page"}],"author":[{"embeddable":true,"href":"https:\/\/www.remateck.com\/index.php\/wp-json\/wp\/v2\/users\/1"}],"replies":[{"embeddable":true,"href":"https:\/\/www.remateck.com\/index.php\/wp-json\/wp\/v2\/comments?post=2"}],"version-history":[{"count":9,"href":"https:\/\/www.remateck.com\/index.php\/wp-json\/wp\/v2\/pages\/2\/revisions"}],"predecessor-version":[{"id":86,"href":"https:\/\/www.remateck.com\/index.php\/wp-json\/wp\/v2\/pages\/2\/revisions\/86"}],"wp:attachment":[{"href":"https:\/\/www.remateck.com\/index.php\/wp-json\/wp\/v2\/media?parent=2"}],"curies":[{"name":"wp","href":"https:\/\/api.w.org\/{rel}","templated":true}]}}